ainder when 1774914 is divided by 633?
615
Calculate the remainder when 2397344 is divided by 7886.
0
Calculate the remainder when 375318 is divided by 25021.
3
Calculate the remainder when 122598 is divided by 1979.
1879
What is the remainder when 71242543 is divided by 270884?
51
Calculate the remainder when 1271535 is divided by 22307.
36
Calculate the remainder when 212198 is divided by 26515.
78
Calculate the remainder when 17833329 is divided by 775362.
3
What is the remainder when 22118798 is divided by 550?
548
What is the remainder when 6736182 is divided by 1948?
1946
Calculate the remainder when 73570 is divided by 320.
290
Calculate the remainder when 170338242 is divided by 1529.
1526
Calculate the remainder when 440863 is divided by 4690.
3
Calculate the remainder when 135603 is divided by 67659.
285
Calculate the remainder when 56385 is divided by 3312.
81
What is the remainder when 284588 is divided by 283358?
1230
What is the remainder when 156286 is divided by 2345?
1516
Calculate the remainder when 31706 is divided by 21.
17
Calculate the remainder when 9395472 is divided by 260.
112
Calculate the remainder when 1400986 is divided by 115.
56
What is the remainder when 745392 is divided by 3264?
1200
What is the remainder when 5712161 is divided by 1238?
29
What is the remainder when 36283 is divided by 12053?
124
What is the remainder when 64189 is divided by 13367?
10721
What is the remainder when 4813692 is divided by 985?
982
What is the remainder when 3474040 is divided by 32166?
112
Calculate the remainder when 6930 is divided by 763.
63
What is the remainder when 285333 is divided by 95110?
3
What is the remainder when 22543793 is divided by 2812?
2801
What is the remainder when 97508 is divided by 4631?
257
Calculate the remainder when 81316273 is divided by 48547.
48
Calculate the remainder when 1965467 is divided by 1161.
1055
Calculate the remainder when 431562 is divided by 207.
174
What is the remainder when 44889 is divided by 21539?
1811
Calculate the remainder when 228585 is divided by 2406.
15
Calculate the remainder when 1137119 is divided by 1049.
3
Calculate the remainder when 22700581 is divided by 49673.
20
Calculate the remainder when 3593456 is divided by 813.
809
Calculate the remainder when 1018489 is divided by 35120.
9
What is the remainder when 4128836 is divided by 110?
96
What is the remainder when 15113548 is divided by 3022708?
8
Calculate the remainder when 436714 is divided by 10.
4
Calculate the remainder when 1605669 is divided by 3975.
3744
Calculate the remainder when 4611417 is divided by 180.
177
Calculate the remainder when 147043 is divided by 7410.
6253
What is the remainder when 10109192 is divided by 36?
32
What is the remainder when 669150 is divided by 569?
6
What is the remainder when 41102824 is divided by 41102823?
1
Calculate the remainder when 3985278 is divided by 208.
206
What is the remainder when 30480013 is divided by 2539999?
25
Calculate the remainder when 355577 is divided by 7899.
122
What is the remainder when 4235747 is divided by 584?
579
What is the remainder when 262911 is divided by 7?
5
What is the remainder when 205588 is divided by 298?
266
Calculate the remainder when 24728816 is divided by 152.
88
What is the remainder when 71224 is divided by 451?
417
Calculate the remainder when 644475 is divided by 947.
515
Calculate the remainder when 13143645 is divided by 9559.
20
What is the remainder when 32058263 is divided by 8?
7
What is the remainder when 7853823 is divided by 1963392?
255
What is the remainder when 225968191 is divided by 1472?
1471
What is the remainder when 3488729 is divided by 164?
121
What is the remainder when 3266622 is divided by 296961?
51
Calculate the remainder when 377559 is divided by 1383.
0
What is the remainder when 3506569 is divided by 966?
955
Calculate the remainder when 322498 is divided by 40240.
578
Calculate the remainder when 4566612 is divided by 361.
323
What is the remainder when 965994 is divided by 10850?
344
What is the remainder when 168249 is divided by 40797?
5061
Calculate the remainder when 85307 is divided by 9019.
4136
Calculate the remainder when 3641153 is divided by 143.
87
What is the remainder when 2038828 is divided by 917?
337
What is the remainder when 5734999 is divided by 1012?
1007
What is the remainder when 183904641 is divided by 462?
459
What is the remainder when 271607046 is divided by 8?
6
What is the remainder when 512611002 is divided by 99?
90
What is the remainder when 12446489 is divided by 125?
114
What is the remainder when 588397 is divided by 1045?
62
What is the remainder when 370510 is divided by 1411?
828
What is the remainder when 50800 is divided by 1582?
176
What is the remainder when 387655 is divided by 129211?
22
Calculate the remainder when 41480 is divided by 2294.
188
Calculate the remainder when 5366037 is divided by 262.
15
Calculate the remainder when 321701 is divided by 2847.
2837
What is the remainder when 64106 is divided by 1974?
938
Calculate the remainder when 148479518 is divided by 21211358.
12
What is the remainder when 2632681 is divided by 3889?
3717
What is the remainder when 1775495 is divided by 1459?
1351
Calculate the remainder when 18605710 is divided by 390.
370
Calculate the remainder when 12887 is divided by 10437.
2450
Calculate the remainder when 3152066 is divided by 1874.
1872
Calculate the remainder when 2352519313 is divided by 3401.
3400
Calculate the remainder when 5069147 is divided by 1945.
477
What is the remainder when 61124935 is divided by 925?
10
What is the remainder when 2201239 is divided by 34394?
23
Calculate the remainder when 21504846 is divided by 10752413.
20
What is the remainder when 588623 is divided by 8139?
2615
Calculate the remainder when 1137957 is divided by 61.
2
What is the remainder when 3910481 is divided by 17?
5
What is the remainder when 10596321 is divided by 1114?
1067
What is the remainder when 30512672 is divided by 852?
848
Calculate the remainder when 111792 is divided by 37261.
9
Calculate the remainder when 6310963 is divided by 13.
9
Calculate the remainder when 260639 is divided by 1810.
1809
Calculate the remainder when 3785166 is divided by 946290.
6
Calculate the remainder when 464824 is divided by 11616.
184
What is the remainder when 706700 is divided by 964?
88
Calculate the remainder when 6812804 is divided by 3157.
3155
What is the remainder when 18213 is divided by 328?
173
What is the remainder when 7670641 is divided by 19?
18
Calculate the remainder when 105079 is divided by 3856.
967
What is the remainder when 9022832 is divided by 104?
0
Calculate the remainder when 2017337 is divided by 1951.
3
What is the remainder when 169662 is divided by 319?
273
Calculate the remainder when 69405 is divided by 6517.
4235
Calculate the remainder when 145988 is divided by 2663.
2186
Calculate the remainder when 95996 is divided by 2101.
1451
Calculate the remainder when 1961499 is divided by 490361.
55
Calculate the remainder when 1001754716 is divided by 23.
20
What is the remainder when 1542048 is divided by 834?
816
Calculate the remainder when 315959 is divided by 18.
5
Calculate the remainder when 2556457 is divided by 13598.
33
What is the remainder when 70571 is divided by 70514?
57
Calculate the remainder when 48186 is divided by 9634.
16
Calculate the remainder when 234269 is divided by 1563.
1382
Calculate the remainder when 24081757 is divided by 2623.
2617
Calculate the remainder when 3588952 is divided by 8270.
8042
Calculate the remainder when 213409 is divided by 94.
29
What is the remainder when 53046 is divided by 8351?
2940
What is the remainder when 35204819 is divided by 35?
34
Calculate the remainder when 2421241 is divided by 27.
16
What is the remainder when 1282123 is divided by 6475?
73
What is the remainder when 67295 is divided by 969?
434
What is the remainder when 4114004 is divided by 85?
4
What is the remainder when 260160 is divided by 226?
34
What is the remainder when 7373226 is divided by 44?
14
Calculate the remainder when 3592178 is divided by 76429.
15
What is the remainder when 6893 is divided by 1131?
107
What is the remainder when 133245922 is divi